{"id":120,"date":"2020-02-19T18:08:21","date_gmt":"2020-02-19T17:08:21","guid":{"rendered":"http:\/\/vincent.lobs.pro\/?page_id=120"},"modified":"2021-12-13T09:33:36","modified_gmt":"2021-12-13T08:33:36","slug":"eux-vrais","status":"publish","type":"page","link":"http:\/\/vincentcome.com\/index.php\/eux-vrais\/","title":{"rendered":"eux vrais"},"content":{"rendered":"\t\t<div data-elementor-type=\"wp-page\" data-elementor-id=\"120\" class=\"elementor elementor-120\">\n\t\t\t\t\t\t<section class=\"elementor-section elementor-top-section elementor-element elementor-element-6e5e64a elementor-section-boxed elementor-section-height-default elementor-section-height-default\" data-id=\"6e5e64a\" data-element_type=\"section\" data-e-type=\"section\">\n\t\t\t\t\t\t<div class=\"elementor-container elementor-column-gap-default\">\n\t\t\t\t\t<div class=\"elementor-column elementor-col-100 elementor-top-column elementor-element elementor-element-c2ce377\" data-id=\"c2ce377\" data-element_type=\"column\" data-e-type=\"column\">\n\t\t\t<div class=\"elementor-widget-wrap elementor-element-populated\">\n\t\t\t\t\t\t<div class=\"elementor-element elementor-element-3bb6e1a elementor-widget elementor-widget-spacer\" data-id=\"3bb6e1a\" data-element_type=\"widget\" data-e-type=\"widget\" data-widget_type=\"spacer.default\">\n\t\t\t\t<div class=\"elementor-widget-container\">\n\t\t\t\t\t\t\t<div class=\"elementor-spacer\">\n\t\t\t<div class=\"elementor-spacer-inner\"><\/div>\n\t\t<\/div>\n\t\t\t\t\t\t<\/div>\n\t\t\t\t<\/div>\n\t\t\t\t<div class=\"elementor-element elementor-element-4139e66 elementor-widget elementor-widget-image\" data-id=\"4139e66\" data-element_type=\"widget\" data-e-type=\"widget\" data-widget_type=\"image.default\">\n\t\t\t\t<div class=\"elementor-widget-container\">\n\t\t\t\t\t\t\t\t\t\t\t\t<figure class=\"wp-caption\">\n\t\t\t\t\t\t\t\t\t\t\t<a href=\"http:\/\/vincentcome.com\/wp-content\/uploads\/2020\/10\/Vincent00069.jpg\" data-elementor-open-lightbox=\"yes\" data-elementor-lightbox-title=\"Arch\u00e9om\u00e9trique\" data-e-action-hash=\"#elementor-action%3Aaction%3Dlightbox%26settings%3DeyJpZCI6NDU1OCwidXJsIjoiaHR0cDpcL1wvdmluY2VudGNvbWUuY29tXC93cC1jb250ZW50XC91cGxvYWRzXC8yMDIwXC8xMFwvVmluY2VudDAwMDY5LmpwZyJ9\">\n\t\t\t\t\t\t\t<img fetchpriority=\"high\" decoding=\"async\" width=\"750\" height=\"500\" src=\"http:\/\/vincentcome.com\/wp-content\/uploads\/2020\/10\/Vincent00069.jpg\" class=\"attachment-large size-large wp-image-4558\" alt=\"\" srcset=\"http:\/\/vincentcome.com\/wp-content\/uploads\/2020\/10\/Vincent00069.jpg 1000w, http:\/\/vincentcome.com\/wp-content\/uploads\/2020\/10\/Vincent00069-600x400.jpg 600w, http:\/\/vincentcome.com\/wp-content\/uploads\/2020\/10\/Vincent00069-300x200.jpg 300w, http:\/\/vincentcome.com\/wp-content\/uploads\/2020\/10\/Vincent00069-768x512.jpg 768w, http:\/\/vincentcome.com\/wp-content\/uploads\/2020\/10\/Vincent00069-360x240.jpg 360w\" sizes=\"(max-width: 750px) 100vw, 750px\" \/>\t\t\t\t\t\t\t\t<\/a>\n\t\t\t\t\t\t\t\t\t\t\t<figcaption class=\"widget-image-caption wp-caption-text\">\u00e9tude arch\u00e9om\u00e9trique<\/figcaption>\n\t\t\t\t\t\t\t\t\t\t<\/figure>\n\t\t\t\t\t\t\t\t\t<\/div>\n\t\t\t\t<\/div>\n\t\t\t\t<section class=\"elementor-section elementor-inner-section elementor-element elementor-element-57ce878 elementor-section-boxed elementor-section-height-default elementor-section-height-default\" data-id=\"57ce878\" data-element_type=\"section\" data-e-type=\"section\">\n\t\t\t\t\t\t<div class=\"elementor-container elementor-column-gap-default\">\n\t\t\t\t\t<div class=\"elementor-column elementor-col-33 elementor-inner-column elementor-element elementor-element-86d0c79\" data-id=\"86d0c79\" data-element_type=\"column\" data-e-type=\"column\">\n\t\t\t<div class=\"elementor-widget-wrap\">\n\t\t\t\t\t\t\t<\/div>\n\t\t<\/div>\n\t\t\t\t<div class=\"elementor-column elementor-col-33 elementor-inner-column elementor-element elementor-element-d6bef16\" data-id=\"d6bef16\" data-element_type=\"column\" data-e-type=\"column\">\n\t\t\t<div class=\"elementor-widget-wrap elementor-element-populated\">\n\t\t\t\t\t\t<div class=\"elementor-element elementor-element-0e0c7bb elementor-widget elementor-widget-text-editor\" data-id=\"0e0c7bb\" data-element_type=\"widget\" data-e-type=\"widget\" data-widget_type=\"text-editor.default\">\n\t\t\t\t<div class=\"elementor-widget-container\">\n\t\t\t\t\t\t\t\t\t<ul><li><span style=\"color: #dda212;\"><a href=\"http:\/\/vincentcome.com\/index.php\/emmures\/\" style=\"color: #dda212;\">emmur\u00e9s<\/a><\/span><\/li><li><a href=\"http:\/\/vincentcome.com\/index.php\/archeometrie\/\"><span style=\"color: #dda212;\">arch\u00e9om\u00e9triquement<\/span><\/a><\/li><\/ul>\t\t\t\t\t\t\t\t<\/div>\n\t\t\t\t<\/div>\n\t\t\t\t\t<\/div>\n\t\t<\/div>\n\t\t\t\t<div class=\"elementor-column elementor-col-33 elementor-inner-column elementor-element elementor-element-6e06ae3\" data-id=\"6e06ae3\" data-element_type=\"column\" data-e-type=\"column\">\n\t\t\t<div class=\"elementor-widget-wrap\">\n\t\t\t\t\t\t\t<\/div>\n\t\t<\/div>\n\t\t\t\t\t<\/div>\n\t\t<\/section>\n\t\t\t\t\t<\/div>\n\t\t<\/div>\n\t\t\t\t\t<\/div>\n\t\t<\/section>\n\t\t\t\t<\/div>\n\t\t","protected":false},"excerpt":{"rendered":"<p>\u00e9tude arch\u00e9om\u00e9trique emmur\u00e9s arch\u00e9om\u00e9triquement<\/p>\n","protected":false},"author":2,"featured_media":4557,"parent":0,"menu_order":0,"comment_status":"closed","ping_status":"closed","template":"elementor_header_footer","meta":{"_themeisle_gutenberg_block_has_review":false,"footnotes":""},"class_list":["post-120","page","type-page","status-publish","has-post-thumbnail","hentry"],"_links":{"self":[{"href":"http:\/\/vincentcome.com\/index.php\/wp-json\/wp\/v2\/pages\/120","targetHints":{"allow":["GET"]}}],"collection":[{"href":"http:\/\/vincentcome.com\/index.php\/wp-json\/wp\/v2\/pages"}],"about":[{"href":"http:\/\/vincentcome.com\/index.php\/wp-json\/wp\/v2\/types\/page"}],"author":[{"embeddable":true,"href":"http:\/\/vincentcome.com\/index.php\/wp-json\/wp\/v2\/users\/2"}],"replies":[{"embeddable":true,"href":"http:\/\/vincentcome.com\/index.php\/wp-json\/wp\/v2\/comments?post=120"}],"version-history":[{"count":141,"href":"http:\/\/vincentcome.com\/index.php\/wp-json\/wp\/v2\/pages\/120\/revisions"}],"predecessor-version":[{"id":6638,"href":"http:\/\/vincentcome.com\/index.php\/wp-json\/wp\/v2\/pages\/120\/revisions\/6638"}],"wp:featuredmedia":[{"embeddable":true,"href":"http:\/\/vincentcome.com\/index.php\/wp-json\/wp\/v2\/media\/4557"}],"wp:attachment":[{"href":"http:\/\/vincentcome.com\/index.php\/wp-json\/wp\/v2\/media?parent=120"}],"curies":[{"name":"wp","href":"https:\/\/api.w.org\/{rel}","templated":true}]}}