{"id":124,"date":"2020-02-19T18:09:05","date_gmt":"2020-02-19T17:09:05","guid":{"rendered":"http:\/\/vincent.lobs.pro\/?page_id=124"},"modified":"2021-12-01T21:07:57","modified_gmt":"2021-12-01T20:07:57","slug":"txt","status":"publish","type":"page","link":"http:\/\/vincentcome.com\/index.php\/txt\/","title":{"rendered":"TxT"},"content":{"rendered":"\t\t<div data-elementor-type=\"wp-page\" data-elementor-id=\"124\" class=\"elementor elementor-124\">\n\t\t\t\t\t\t<section class=\"elementor-section elementor-top-section elementor-element elementor-element-fa2f78c elementor-section-boxed elementor-section-height-default elementor-section-height-default\" data-id=\"fa2f78c\" data-element_type=\"section\" data-e-type=\"section\">\n\t\t\t\t\t\t<div class=\"elementor-container elementor-column-gap-default\">\n\t\t\t\t\t<div class=\"elementor-column elementor-col-100 elementor-top-column elementor-element elementor-element-2a4aaa3\" data-id=\"2a4aaa3\" data-element_type=\"column\" data-e-type=\"column\">\n\t\t\t<div class=\"elementor-widget-wrap elementor-element-populated\">\n\t\t\t\t\t\t<div class=\"elementor-element elementor-element-f4ec434 elementor-widget elementor-widget-spacer\" data-id=\"f4ec434\" data-element_type=\"widget\" data-e-type=\"widget\" data-widget_type=\"spacer.default\">\n\t\t\t\t<div class=\"elementor-widget-container\">\n\t\t\t\t\t\t\t<div class=\"elementor-spacer\">\n\t\t\t<div class=\"elementor-spacer-inner\"><\/div>\n\t\t<\/div>\n\t\t\t\t\t\t<\/div>\n\t\t\t\t<\/div>\n\t\t\t\t<div class=\"elementor-element elementor-element-ab48f2f elementor-widget elementor-widget-text-editor\" data-id=\"ab48f2f\" data-element_type=\"widget\" data-e-type=\"widget\" data-widget_type=\"text-editor.default\">\n\t\t\t\t<div class=\"elementor-widget-container\">\n\t\t\t\t\t\t\t\t\t<p class=\"western\"><span><strong>Mon<\/strong> travail est un regard abstrait sur les restes des empilements architecturaux des diff\u00e9rentes civilisations qui se succ\u00e8dent, sur un m\u00eame lieu. <\/span><span><strong>Il<\/strong> est question de renouveau en d\u00e9truisant, en recouvrant, en occultant pour enfin reconstruire sur les traces pass\u00e9es. <\/span><span><strong>\u00ab L&rsquo;ultime \u00bb<\/strong> strate fait office de \u00ab conquistador \u00bb, porteuse de pouvoir et d\u00e9tentrice de pens\u00e9es dominantes. Cette derni\u00e8re recouvre les pr\u00e9c\u00e9dentes. Mais les couches ant\u00e9rieures ne se sont-elles pas comport\u00e9es comme celle qui les dissimule maintenant ? <\/span><span><strong>Il<\/strong> est question de renouveau, sur les bases qui, elles-m\u00eames, se voulaient \u00eatre la renaissance des assises pass\u00e9es. <\/span><span><strong>Les<\/strong> couleurs sont des peuples ! <\/span><span><strong>Des<\/strong> peuples pass\u00e9s, des peuples disparus, des peuples amalgam\u00e9s au dernier, celui qui domine. <\/span><span><strong>On<\/strong> reb\u00e2tit l\u00e0 o\u00f9 les autres ont b\u00e2ti, on sacralise sur les lieux, autrefois destin\u00e9s au sacr\u00e9.<\/span><\/p>\t\t\t\t\t\t\t\t<\/div>\n\t\t\t\t<\/div>\n\t\t\t\t<div class=\"elementor-element elementor-element-d25308c elementor-widget elementor-widget-text-editor\" data-id=\"d25308c\" data-element_type=\"widget\" data-e-type=\"widget\" data-widget_type=\"text-editor.default\">\n\t\t\t\t<div class=\"elementor-widget-container\">\n\t\t\t\t\t\t\t\t\t<p><span style=\"color: #999999;\">J&rsquo;ai du rouge sur les mains,<\/span><br \/><span style=\"color: #999999;\">du sang dans mes murs.<\/span><br \/><span style=\"color: #999999;\">Comment l&rsquo;expliquer ?<\/span><br \/><span style=\"color: #999999;\">Comment expliquer simplement que je suis ici\u2026<\/span><br \/><span style=\"color: #999999;\">et l\u00e0.<\/span><br \/><span style=\"color: #999999;\">Ici et l\u00e0\u2026<\/span><br \/><span style=\"color: #999999;\">encore.<\/span><\/p><p><span style=\"font-size: 10px;\"><em><span dir=\"ltr\"><var>VC. &#8211; octobre 2012<\/var><\/span><\/em><\/span><\/p>\t\t\t\t\t\t\t\t<\/div>\n\t\t\t\t<\/div>\n\t\t\t\t\t<\/div>\n\t\t<\/div>\n\t\t\t\t\t<\/div>\n\t\t<\/section>\n\t\t\t\t<section class=\"elementor-section elementor-top-section elementor-element elementor-element-2d98ed5 elementor-section-boxed elementor-section-height-default elementor-section-height-default\" data-id=\"2d98ed5\" data-element_type=\"section\" data-e-type=\"section\">\n\t\t\t\t\t\t<div class=\"elementor-container elementor-column-gap-default\">\n\t\t\t\t\t<div class=\"elementor-column elementor-col-100 elementor-top-column elementor-element elementor-element-36124f6\" data-id=\"36124f6\" data-element_type=\"column\" data-e-type=\"column\">\n\t\t\t<div class=\"elementor-widget-wrap elementor-element-populated\">\n\t\t\t\t\t\t<div class=\"elementor-element elementor-element-01b0fec elementor-widget elementor-widget-heading\" data-id=\"01b0fec\" data-element_type=\"widget\" data-e-type=\"widget\" data-widget_type=\"heading.default\">\n\t\t\t\t<div class=\"elementor-widget-container\">\n\t\t\t\t\t<h6 class=\"elementor-heading-title elementor-size-default\">P\u2022nurie de b\u2022ton\n{P\u00e9nurie de B\u00e9ton}<\/h6>\t\t\t\t<\/div>\n\t\t\t\t<\/div>\n\t\t\t\t\t<\/div>\n\t\t<\/div>\n\t\t\t\t\t<\/div>\n\t\t<\/section>\n\t\t\t\t<section class=\"elementor-section elementor-top-section elementor-element elementor-element-a7672a8 elementor-section-boxed elementor-section-height-default elementor-section-height-default\" data-id=\"a7672a8\" data-element_type=\"section\" data-e-type=\"section\">\n\t\t\t\t\t\t<div class=\"elementor-container elementor-column-gap-default\">\n\t\t\t\t\t<div class=\"elementor-column elementor-col-100 elementor-top-column elementor-element elementor-element-bbec494\" data-id=\"bbec494\" data-element_type=\"column\" data-e-type=\"column\">\n\t\t\t<div class=\"elementor-widget-wrap elementor-element-populated\">\n\t\t\t\t\t\t<section class=\"elementor-section elementor-inner-section elementor-element elementor-element-19fad6a elementor-section-boxed elementor-section-height-default elementor-section-height-default\" data-id=\"19fad6a\" data-element_type=\"section\" data-e-type=\"section\">\n\t\t\t\t\t\t<div class=\"elementor-container elementor-column-gap-default\">\n\t\t\t\t\t<div class=\"elementor-column elementor-col-50 elementor-inner-column elementor-element elementor-element-bc51695\" data-id=\"bc51695\" data-element_type=\"column\" data-e-type=\"column\">\n\t\t\t<div class=\"elementor-widget-wrap elementor-element-populated\">\n\t\t\t\t\t\t<div class=\"elementor-element elementor-element-558aab1 elementor-widget elementor-widget-image\" data-id=\"558aab1\" data-element_type=\"widget\" data-e-type=\"widget\" data-widget_type=\"image.default\">\n\t\t\t\t<div class=\"elementor-widget-container\">\n\t\t\t\t\t\t\t\t\t\t\t\t\t\t\t\t<a href=\"http:\/\/vincent.lobs.pro\/index.php\/pnurie-de-bton\" rel=\"nofollow\">\n\t\t\t\t\t\t\t<img fetchpriority=\"high\" decoding=\"async\" width=\"600\" height=\"424\" src=\"http:\/\/vincentcome.com\/wp-content\/uploads\/2020\/08\/IMAGES_2012_07_PenurieDeBeton_01_.JPG.jpgx_.jpeg\" class=\"attachment-large size-large wp-image-4399\" alt=\"\" srcset=\"http:\/\/vincentcome.com\/wp-content\/uploads\/2020\/08\/IMAGES_2012_07_PenurieDeBeton_01_.JPG.jpgx_.jpeg 600w, http:\/\/vincentcome.com\/wp-content\/uploads\/2020\/08\/IMAGES_2012_07_PenurieDeBeton_01_.JPG.jpgx_-300x212.jpeg 300w\" sizes=\"(max-width: 600px) 100vw, 600px\" \/>\t\t\t\t\t\t\t\t<\/a>\n\t\t\t\t\t\t\t\t\t\t\t\t\t\t\t<\/div>\n\t\t\t\t<\/div>\n\t\t\t\t\t<\/div>\n\t\t<\/div>\n\t\t\t\t<div class=\"elementor-column elementor-col-50 elementor-inner-column elementor-element elementor-element-49bac1d\" data-id=\"49bac1d\" data-element_type=\"column\" data-e-type=\"column\">\n\t\t\t<div class=\"elementor-widget-wrap elementor-element-populated\">\n\t\t\t\t\t\t<div class=\"elementor-element elementor-element-1ca67ea1 elementor-widget elementor-widget-text-editor\" data-id=\"1ca67ea1\" data-element_type=\"widget\" data-e-type=\"widget\" data-widget_type=\"text-editor.default\">\n\t\t\t\t<div class=\"elementor-widget-container\">\n\t\t\t\t\t\t\t\t\t<p><span style=\"color: #808080;\">J&rsquo;ai du rouge sur les mains,<\/span><br \/><span style=\"color: #808080;\">du sang dans mes murs.<\/span><br \/><span style=\"color: #808080;\">Comment l&rsquo;expliquer ?<\/span><br \/><span style=\"color: #808080;\">Comment expliquer simplement que je suis ici\u2026<\/span><br \/><span style=\"color: #808080;\">et l\u00e0.<\/span><br \/><span style=\"color: #808080;\">Ici et l\u00e0\u2026<\/span><br \/><span style=\"color: #808080;\">encore.<\/span><br \/><span style=\"font-size: 10px;\"><span dir=\"ltr\"><var><span style=\"font-family: verdana,geneva,sans-serif;\"><span style=\"color: #b22222;\">VC. &#8211;\u00a0 octobre 2012<\/span><\/span><\/var><\/span><\/span><span style=\"font-size; color: #dda212;\"><span style=\"font-family: verdana,geneva,sans-serif;\"><strong><em><\/em><\/strong><\/span><\/span><\/p>\t\t\t\t\t\t\t\t<\/div>\n\t\t\t\t<\/div>\n\t\t\t\t\t<\/div>\n\t\t<\/div>\n\t\t\t\t\t<\/div>\n\t\t<\/section>\n\t\t\t\t\t<\/div>\n\t\t<\/div>\n\t\t\t\t\t<\/div>\n\t\t<\/section>\n\t\t\t\t<section class=\"elementor-section elementor-top-section elementor-element elementor-element-772d2d8a elementor-section-boxed elementor-section-height-default elementor-section-height-default\" data-id=\"772d2d8a\" data-element_type=\"section\" data-e-type=\"section\">\n\t\t\t\t\t\t<div class=\"elementor-container elementor-column-gap-default\">\n\t\t\t\t\t<div class=\"elementor-column elementor-col-100 elementor-top-column elementor-element elementor-element-2367b802\" data-id=\"2367b802\" data-element_type=\"column\" data-e-type=\"column\">\n\t\t\t<div class=\"elementor-widget-wrap elementor-element-populated\">\n\t\t\t\t\t\t<div class=\"elementor-element elementor-element-321df59 elementor-widget elementor-widget-text-editor\" data-id=\"321df59\" data-element_type=\"widget\" data-e-type=\"widget\" data-widget_type=\"text-editor.default\">\n\t\t\t\t<div class=\"elementor-widget-container\">\n\t\t\t\t\t\t\t\t\t<p><span style=\"font-size; color: #dda212;\"><span style=\"font-family: verdana,geneva,sans-serif;\"><strong><em>P\u2022nurie de B\u2022ton<\/em><\/strong> (P\u00e9nurie de B\u00e9ton) est le pr<span style=\"color: #dda212;\">ojet d&rsquo;un ouvrage qui n&rsquo;est qu&rsquo;une attente d&rsquo;\u00e9dition<\/span><\/span>.<\/span><br \/><strong><em><span style=\"color: #b22222;\">Texte Introductif <\/span><\/em><\/strong>P\u00e9nurie de ciment c\u2019\u00e9tait le titre d\u2019un article d\u2019un journal marocain que je d\u00e9couvrais \u00e0 l\u2019occasion d\u2019une escale \u00e0 Casablanca pour Dakar. Un hasard ou plut\u00f4t une co\u00efncidence me ramenant \u00e0 l\u2019espace construit, l\u2019espace en devenir. Deux ans plus t\u00f4t Marrakech, vue d\u2019avion \u00e0 l\u2019atterrissage semblait cern\u00e9e par de vastes ensembles en construction. Une frustration de ne pouvoir m\u2019y rendre, voir de plus pr\u00e8s ces nouveaux quartiers marquant un r\u00e9el changement de la r\u00e9gion. Des ann\u00e9es plus tard, dans le \u00ab Maroc alg\u00e9rien \u00bb, Berkane. Descendants des montagnes dans un pick-up, \u00e0 l\u2019entr\u00e9e de la ville les faubourgs semblaient sans limite. Les vastes \u00e9tendues plates entourant la cit\u00e9, se paraient de briques rouges encastr\u00e9es pour un r\u00e9seau droit et rigoureux de piliers et poutres de b\u00e9ton. Inachev\u00e9, la vie d\u00e9j\u00e0. Plus loin, Sa\u00efdia, une belle plage face \u00e0 la M\u00e9diterran\u00e9e, dans le dos une nouvelle zone baln\u00e9aire construite sur des mar\u00e9cages. Des barres d\u2019h\u00f4tels et d\u2019appartements de vill\u00e9giature bordant 2 larges art\u00e8res parall\u00e8les \u00e0 la plage. \u00abP\u00e9nurie de ciment\u00bb comment un pays peut-il \u00eatre en p\u00e9nurie de ciment ? Pas de quoi acheter les mati\u00e8res premi\u00e8res ? Boom immobilier ? Casablanca, Tanger, Marrakech, Berkane, Oujda, Ouarzazate, Sa\u00efdia,&#8230;.Front de mer en pleine restructuration. Nouveau port en chantier. Nouveaux h\u00f4tels. Nouvel ensemble d\u2019habitations. Nouvel ensemble de bureaux. Nouvelles autoroutes. Nouveaux ronds-points. Nouvelles maisons individuelles. Nouvelles villas de luxe. Nouvel a\u00e9roport. Nouveau d\u00e9sir.Nouveau confort. Le pays semble un v\u00e9ritable chantier. En \u00eatre, faire partie du monde, se mouler dans l\u2019uniformit\u00e9 des constructions qui se dessinent parfois si loin de ces lieux. Ne plus voir les images des richesses d\u2019Occident, d\u2019un certains Asie, du cinqui\u00e8me continent comme une vitrine inaccessible que d\u00e9verse la t\u00e9l\u00e9vision. Ne plus \u00eatre devant une vitrine mais face au miroir de sa propre vie. En \u00eatre, dedans, dans la bo\u00eete de pandore, dans le monde moderne, le monde \u00ab facile, libre et heureux \u00bb. Dans une certitude qui r\u00e9duit les espaces, coince les m\u00e9andres labyrinthiques des cit\u00e9s anciennes. Rang\u00e9e, cal\u00e9e, norm\u00e9e l\u2019enceinte ouverte et dress\u00e9e. La nature parqu\u00e9e. L\u2019horizon, une merveille rarement vue. L\u2019ailleurs est l\u00e0 ! Ici ! Tout autour ! Des squelettes d\u2019immeubles se dressent au milieu des moutons, sur les c\u00f4tes, autour des baies. Des h\u00f4tels de luxe, des bureaux, des vitrines commer\u00e7antes, des logements modernes, le commerce du futile et de l\u2019arbitraire centrant les pr\u00e9occupations. Tout ne sera que commerce. La vie se fera sous le soleil et la chaleur d\u2019\u00e9t\u00e9, sous les pluies d\u2019hiver aussi. le lointain horizon qu\u2019offre la mer \u00e0 Tanger, au cap Malabata, \u00e0 la terrasse des paresseux, au Cap Spartel. L&rsquo;ancien habitat, un objet de tourisme o\u00f9 l\u2019on croira trouver de l\u2019authentique. De l\u2019authentique pi\u00e8ge \u00e0 touristes. P\u00e9nurie de ciment. Le Maroc change comme bien d\u2019autres ont chang\u00e9 et changeront.<span style=\"color: #dda212;\"><strong><em>Cern\u00e9e<\/em> <\/strong><\/span><span style=\"color: #808080;\">La ville s\u2019agrandit, s\u2019\u00e9l\u00e8ve, s\u2019enrichit, se \u00abRolex\u00bb. H\u00f4tels, immeubles, bureaux, confort moderne. Tout est conforme aux normes d\u2019ailleurs. Bloqu\u00e9e. Des \u00abch\u00e2teaux\u00bb de poutres en b\u00e9ton, des b\u00e2timents \u00e9vid\u00e9s, en devenir, sortent de terre dans des sout\u00e8nements de ferraille et de pelleteuses. Des chandelles tiennent les planchers des plafonds. Le m\u00e9tal strie l\u2019espace de lignes de couleur brute. Des rouges, des vertes, des bleues pour illuminer ces chandelles. Et puis quand le m\u00e9tal n\u2019est plus, que le m\u00e9tal rouille, une invraisemblable cohorte de m\u00e2ts de bois s\u2019enchev\u00eatre dans un treillis confus pour soutenir le dessus du dessous. Les fa\u00e7ades sont comme un \u00e9chiquier o\u00f9 manquent les pi\u00e8ces. Les chambres, les cuisines, les salons, les couloirs&#8230; Dans la su\u00e9e, les corps d\u00e9goulinant d\u2019odeurs du travail et de soleil offrent des mains, des bras, des muscles \u00e0 l\u2019\u00e9l\u00e9vation ambitieuse. L\u2019ancienne\u2026 Emmur\u00e9e dans la mondialisation.<\/span><span style=\"color: #b22222;\"><em><strong>Tout est l\u00e0<\/strong> <\/em><\/span>Tout est pos\u00e9, l\u00e0; Les murs, les sols, les planchers, le toit,\u2026 et puis des portes qui ferment les espaces, des fen\u00eatres qui s\u2019ouvrent au dehors et des volets qui isolent la pi\u00e8ce, qui cachent du soleil et du regard. L\u2019enceinte est dress\u00e9e. L\u2019enceinte est fig\u00e9e sur ceux du dedans. Tout est clos ou peut l\u2019\u00eatre. On ferme du dehors son espace, on se resserre sur soi limitant l\u2019autre au cul, aux seins \u00e0 la bite de celle ou celui qui crie le m\u00eame amour, aux r\u00e9sultats de la g\u00e9n\u00e9tique des m\u00e9langes et puis, pour faire bonne figure, on invite l\u2019\u00e9tranger \u00e0 p\u00e9n\u00e9trer le camp retranch\u00e9. Cet \u00e9tranger d\u2019en face qu\u2019on \u00e9pie d\u2019une oreille discr\u00e8te et sentencieuse, du moindre bruit qu\u2019il joue, qu\u2019un \u0153il avide scrute \u00ab malencontreusement \u00bb d\u2019un ap\u00f4tre absent du grand banquet, un glissement de jambe qui tra\u00eene \u00e0 l\u2019entr\u00e9e d\u2019une porte pas encore ferm\u00e9e, d\u2019un ascenseur pr\u00eat \u00e0 partir, d\u2019un angle de couloir qui distribue les diff\u00e9rentes places fortes de l\u2019immeuble. Tout est ferm\u00e9, barricad\u00e9, blind\u00e9 contre l\u2019intrus, le suspect, celui qui en veut aux biens, \u2026 bien ou mal acquis. L\u2019\u00e9tranger d\u2019en face. L\u2019\u00e9tranger d\u2019ailleurs qui porte, livre le ravitaillement, r\u00e9pare et ondule dans les d\u00e9dales cach\u00e9s des murs, des bas sols et faux plafonds. Ma pi\u00e8ce, mon espace, mon intime. Chacun ferme les portes sur l\u2019autre, tout en cherchant \u00e0 ouvrir les non siennes. Isolement voulu, isolement couru ! Mon cul ! Tout est individu, courant parmi la harde en feignant, pr\u00e9textant vouloir la quitter, ne pas en \u00eatre. Recherche d\u2019ind\u00e9pendance, d\u2019\u00e9mancipation totale. Mon cul ! Loin de la harde point de salut ; la crainte du chasseur solitaire m\u00eal\u00e9 aux cochons, sous les habits gras et velus des b\u00eates. Un chasseur\/cueilleur qui r\u00f4de, \u00e9pie le groupe et qui ne ferait qu\u2019une bouch\u00e9e de ceux qui s\u2019\u00e9carteraient de la communaut\u00e9. La crainte maudite. Tous suspectent tout de tous, d\u2019 une probable \u00e9ventualit\u00e9 libidineuse.<br \/>J\u2019ai mal entre deux dents. La carie r\u00f4de et creuse doucement, patiemment. L\u2019\u00e9mail attaqu\u00e9, l\u2019acide s\u2019en prend \u00e0 la racine, \u00e0 la viande, aux l\u00e9gumes, aux autres, au moi, aux ans qui se d\u00e9composent, nouent. L\u2019acide l\u00e8se \u00e0 se tordre le fond d\u2019estomac qui reste de mon palais.<span style=\"color: #dda212;\"><strong><em>Tout s&#8217;emm\u00eale<\/em> <\/strong><\/span><span style=\"color: #808080;\">Tout s\u2019emm\u00eale. Le pass\u00e9 avec le pr\u00e9sent, le pr\u00e9sent avec l\u2019avenir,\u2026 l\u2019avenir du pass\u00e9. Des images brouill\u00e9es. Que faire demain, ce que j\u2019avais \u00e0 faire demain, ce que je ne ferai pas aujourd\u2019hui, ce que j\u2019aurai d\u00fb faire, ce que je devrai faire, ne ferai pas. \u00ab Je suis d\u00e9sol\u00e9, madame, monsieur, je ne pourrai me rendre ce jour, demain \u00e0 notre rendez-vous, finir ce que j\u2019avais commenc\u00e9, je dois interrompre brutalement \u2026 excusez-moi, mais les circonstances\u2026 \u00bb Demain, aujourd\u2019hui, hier,\u2026 tout se m\u00eale, s\u2019entrem\u00eale, des images pass\u00e9es de celles\u2026 incertaines. Le silence r\u00e8gne dans la chambre. Une moto hurle et d\u00e9chire l\u2019odeur de bitume neuf qui joint deux quartiers. Nul bruit dans cette chambre. La vie est au dehors. Le corps est l\u00e0, \u00e9tendu, allong\u00e9 sur le dos, fig\u00e9 dans l\u2019espace feutr\u00e9 d\u2019une p\u00e9nombre recherch\u00e9e, voulue, impos\u00e9e. J\u2019ai perdu une m\u00e8re, un p\u00e8re, un fr\u00e8re ou une s\u0153ur, un jeune enfant, un amour, un corps aim\u00e9, ch\u00e9ri. J\u2019ai perdu l\u2019autre en moi. Tout est clos sur cette mort, sur ce mort. Dois-je appeler, dire que je ne pourrai me rendre \u00e0 ce rendez-vous si important, capital, pr\u00e9venir que je ne pourrai faire, r\u00e9aliser ce qu\u2019on attend de moi, ce pourquoi je m\u2019\u00e9tais engag\u00e9 ? Refuser les appels.Quelques raies de lumi\u00e8re percent les jointures articul\u00e9es des volets. Entre deux paupi\u00e8res mal ferm\u00e9es, le vide teinte un regard clos. Le noir a tout pris du blanc. La pi\u00e8ce est close.L\u2019alc\u00f4ve sombre dans un r\u00e9seau d\u2019une multitude d\u2019autres ouvertes et blanches. Le t\u00e9l\u00e9phone vibre. Je suis sourd. Comme sur une \u00eele d\u00e9serte.<\/span><em><span style=\"color: #b22222;\">Ombre.<\/span><\/em>Sous l\u2019action du soleil, de la saison et de l\u2019heure, des filets sombres dessinent le chemin entre les parois blanches et opaques qui s\u2019opposent. La chaleur liqu\u00e9fie. La lumi\u00e8re de plein jour creuse des passages frais. Des figures s\u2019y engouffrent d\u2019une antre \u00e0 l\u2019autre d\u2019une action \u00e0 l\u2019autre. Des ombres dans l\u2019ombre o\u00f9 se situe la vie des liens.<span style=\"color: #dda212;\"><i><strong>D&rsquo;une pri\u00e8re \u00e0 l&rsquo;autre <\/strong><\/i><\/span><span style=\"color: #808080;\">Il est plus de 22h00 et \u00e7a crie, hurle et rit entre les fins espaces des blocs. Le son s\u2019intensifie, s\u2019\u00e9loigne, se feutre, marquant les d\u00e9placements de ce groupe d\u2019enfants qui jouent dans les \u00e9troites ruelles de la casbah. Dans ce jeu de cubes blancs qui s\u2019assemblent pour fermer une sorte de labyrinthe.<\/span><br \/><span style=\"color: #808080;\">Ils parlent arabe avec ces m\u00eames voix d\u2019enfants des autres langues.<\/span><br \/><span style=\"color: #808080;\">Je suis leur parcours, envisage leurs d\u00e9placements, leurs stations, leurs circulations entre les blocs. Ils sont l\u00e0, ici, s\u2019\u00e9cartent, reviennent puis s\u2019en vont dans un ailleurs tout proche.<\/span><br \/><span style=\"color: #808080;\">La fen\u00eatre toujours ouverte de ce deuxi\u00e8me niveau camoufle le jour du soleil et de sa chaleur.<\/span><br \/><span style=\"color: #808080;\">L\u00e0, il fait nuit. Punais\u00e9 sur l\u2019huisserie un tissu jaune comme la lumi\u00e8re du luminaire qui \u00e9claire le soir la rue ; le matin \u00e9crase les premiers renvois des rayons solaires de ce mur qui fait face \u00e0 quelques m\u00e8tres. 2 murs qui s\u2019opposent pour cr\u00e9er un vaste vide \u00e0 l\u2019allure d\u2019une gorge vertigineuse.<\/span><br \/><span style=\"color: #808080;\">Sur un, l\u2019un d\u2019eux, la fen\u00eatre.<\/span><br \/><span style=\"color: #808080;\">Elle avale les bruits de la ruelle et de celles avoisinantes. Elle les gobe ces bruits, les gobe et les restitue dans la petite pi\u00e8ce, marquant ainsi la chronologie du temps qui passe, d\u2019une pri\u00e8re \u00e0 l\u2019autre.<\/span><\/p>\t\t\t\t\t\t\t\t<\/div>\n\t\t\t\t<\/div>\n\t\t\t\t\t<\/div>\n\t\t<\/div>\n\t\t\t\t\t<\/div>\n\t\t<\/section>\n\t\t\t\t<section class=\"elementor-section elementor-top-section elementor-element elementor-element-5c68729 elementor-section-boxed elementor-section-height-default elementor-section-height-default\" data-id=\"5c68729\" data-element_type=\"section\" data-e-type=\"section\">\n\t\t\t\t\t\t<div class=\"elementor-container elementor-column-gap-default\">\n\t\t\t\t\t<div class=\"elementor-column elementor-col-100 elementor-top-column elementor-element elementor-element-c50e138\" data-id=\"c50e138\" data-element_type=\"column\" data-e-type=\"column\">\n\t\t\t<div class=\"elementor-widget-wrap\">\n\t\t\t\t\t\t\t<\/div>\n\t\t<\/div>\n\t\t\t\t\t<\/div>\n\t\t<\/section>\n\t\t\t\t<\/div>\n\t\t","protected":false},"excerpt":{"rendered":"<p>Mon travail est un regard abstrait sur les restes des empilements architecturaux des diff\u00e9rentes civilisations qui se succ\u00e8dent, sur un m\u00eame lieu. Il est question de renouveau en d\u00e9truisant, en recouvrant, en occultant pour enfin reconstruire sur les traces pass\u00e9es. \u00ab L&rsquo;ultime \u00bb strate fait office de \u00ab conquistador \u00bb, [&hellip;]<\/p>\n","protected":false},"author":2,"featured_media":4399,"parent":0,"menu_order":0,"comment_status":"closed","ping_status":"closed","template":"elementor_header_footer","meta":{"_themeisle_gutenberg_block_has_review":false,"footnotes":""},"class_list":["post-124","page","type-page","status-publish","has-post-thumbnail","hentry"],"_links":{"self":[{"href":"http:\/\/vincentcome.com\/index.php\/wp-json\/wp\/v2\/pages\/124","targetHints":{"allow":["GET"]}}],"collection":[{"href":"http:\/\/vincentcome.com\/index.php\/wp-json\/wp\/v2\/pages"}],"about":[{"href":"http:\/\/vincentcome.com\/index.php\/wp-json\/wp\/v2\/types\/page"}],"author":[{"embeddable":true,"href":"http:\/\/vincentcome.com\/index.php\/wp-json\/wp\/v2\/users\/2"}],"replies":[{"embeddable":true,"href":"http:\/\/vincentcome.com\/index.php\/wp-json\/wp\/v2\/comments?post=124"}],"version-history":[{"count":69,"href":"http:\/\/vincentcome.com\/index.php\/wp-json\/wp\/v2\/pages\/124\/revisions"}],"predecessor-version":[{"id":5727,"href":"http:\/\/vincentcome.com\/index.php\/wp-json\/wp\/v2\/pages\/124\/revisions\/5727"}],"wp:featuredmedia":[{"embeddable":true,"href":"http:\/\/vincentcome.com\/index.php\/wp-json\/wp\/v2\/media\/4399"}],"wp:attachment":[{"href":"http:\/\/vincentcome.com\/index.php\/wp-json\/wp\/v2\/media?parent=124"}],"curies":[{"name":"wp","href":"https:\/\/api.w.org\/{rel}","templated":true}]}}