{"id":5072,"date":"2020-11-15T18:53:32","date_gmt":"2020-11-15T17:53:32","guid":{"rendered":"http:\/\/vincentcome.com\/?page_id=5072"},"modified":"2024-12-07T17:10:17","modified_gmt":"2024-12-07T16:10:17","slug":"archeometrie","status":"publish","type":"page","link":"http:\/\/vincentcome.com\/index.php\/archeometrie\/","title":{"rendered":"Arch\u00e9om\u00e9triquement"},"content":{"rendered":"\t\t<div data-elementor-type=\"wp-page\" data-elementor-id=\"5072\" class=\"elementor elementor-5072\">\n\t\t\t\t\t\t<section class=\"elementor-section elementor-top-section elementor-element elementor-element-5073cb1 elementor-section-boxed elementor-section-height-default elementor-section-height-default\" data-id=\"5073cb1\" data-element_type=\"section\" data-e-type=\"section\">\n\t\t\t\t\t\t<div class=\"elementor-container elementor-column-gap-default\">\n\t\t\t\t\t<div class=\"elementor-column elementor-col-100 elementor-top-column elementor-element elementor-element-d418674\" data-id=\"d418674\" data-element_type=\"column\" data-e-type=\"column\">\n\t\t\t<div class=\"elementor-widget-wrap elementor-element-populated\">\n\t\t\t\t\t\t<div class=\"elementor-element elementor-element-1303fe0 elementor-widget elementor-widget-spacer\" data-id=\"1303fe0\" data-element_type=\"widget\" data-e-type=\"widget\" data-widget_type=\"spacer.default\">\n\t\t\t\t<div class=\"elementor-widget-container\">\n\t\t\t\t\t\t\t<div class=\"elementor-spacer\">\n\t\t\t<div class=\"elementor-spacer-inner\"><\/div>\n\t\t<\/div>\n\t\t\t\t\t\t<\/div>\n\t\t\t\t<\/div>\n\t\t\t\t<section class=\"elementor-section elementor-inner-section elementor-element elementor-element-fd66a63 elementor-section-boxed elementor-section-height-default elementor-section-height-default\" data-id=\"fd66a63\" data-element_type=\"section\" data-e-type=\"section\">\n\t\t\t\t\t\t<div class=\"elementor-container elementor-column-gap-default\">\n\t\t\t\t\t<div class=\"elementor-column elementor-col-33 elementor-inner-column elementor-element elementor-element-8b4471e\" data-id=\"8b4471e\" data-element_type=\"column\" data-e-type=\"column\">\n\t\t\t<div class=\"elementor-widget-wrap elementor-element-populated\">\n\t\t\t\t\t\t<div class=\"elementor-element elementor-element-ef1d03a animated-slow elementor-invisible elementor-widget elementor-widget-heading\" data-id=\"ef1d03a\" data-element_type=\"widget\" data-e-type=\"widget\" data-settings=\"{&quot;_animation&quot;:&quot;fadeInUp&quot;}\" data-widget_type=\"heading.default\">\n\t\t\t\t<div class=\"elementor-widget-container\">\n\t\t\t\t\t<h2 class=\"elementor-heading-title elementor-size-default\">ARCH\u00c9OM\u00c9TRIQUEMENT<\/h2>\t\t\t\t<\/div>\n\t\t\t\t<\/div>\n\t\t\t\t<div class=\"elementor-element elementor-element-7b4d25b elementor-widget elementor-widget-text-editor\" data-id=\"7b4d25b\" data-element_type=\"widget\" data-e-type=\"widget\" data-widget_type=\"text-editor.default\">\n\t\t\t\t<div class=\"elementor-widget-container\">\n\t\t\t\t\t\t\t\t\t<ul><li><span style=\"color: #dda212;\">arch\u00e9ostrates<\/span><\/li><li><span style=\"color: #dda212;\">arch\u00e9oformes<\/span><\/li><li><span style=\"color: #dda212;\">arch\u00e9oglyphes<\/span><\/li><li><span style=\"color: #dda212;\">arch\u00e9otraces<\/span><\/li><\/ul>\t\t\t\t\t\t\t\t<\/div>\n\t\t\t\t<\/div>\n\t\t\t\t\t<\/div>\n\t\t<\/div>\n\t\t\t\t<div class=\"elementor-column elementor-col-33 elementor-inner-column elementor-element elementor-element-b60c3b6\" data-id=\"b60c3b6\" data-element_type=\"column\" data-e-type=\"column\">\n\t\t\t<div class=\"elementor-widget-wrap\">\n\t\t\t\t\t\t\t<\/div>\n\t\t<\/div>\n\t\t\t\t<div class=\"elementor-column elementor-col-33 elementor-inner-column elementor-element elementor-element-637174e\" data-id=\"637174e\" data-element_type=\"column\" data-e-type=\"column\">\n\t\t\t<div class=\"elementor-widget-wrap\">\n\t\t\t\t\t\t\t<\/div>\n\t\t<\/div>\n\t\t\t\t\t<\/div>\n\t\t<\/section>\n\t\t\t\t\t<\/div>\n\t\t<\/div>\n\t\t\t\t\t<\/div>\n\t\t<\/section>\n\t\t\t\t<\/div>\n\t\t","protected":false},"excerpt":{"rendered":"<p>ARCH\u00c9OM\u00c9TRIQUEMENT arch\u00e9ostrates arch\u00e9oformes arch\u00e9oglyphes arch\u00e9otraces<\/p>\n","protected":false},"author":2,"featured_media":4556,"parent":0,"menu_order":0,"comment_status":"closed","ping_status":"closed","template":"elementor_header_footer","meta":{"_themeisle_gutenberg_block_has_review":false,"footnotes":""},"class_list":["post-5072","page","type-page","status-publish","has-post-thumbnail","hentry"],"_links":{"self":[{"href":"http:\/\/vincentcome.com\/index.php\/wp-json\/wp\/v2\/pages\/5072","targetHints":{"allow":["GET"]}}],"collection":[{"href":"http:\/\/vincentcome.com\/index.php\/wp-json\/wp\/v2\/pages"}],"about":[{"href":"http:\/\/vincentcome.com\/index.php\/wp-json\/wp\/v2\/types\/page"}],"author":[{"embeddable":true,"href":"http:\/\/vincentcome.com\/index.php\/wp-json\/wp\/v2\/users\/2"}],"replies":[{"embeddable":true,"href":"http:\/\/vincentcome.com\/index.php\/wp-json\/wp\/v2\/comments?post=5072"}],"version-history":[{"count":105,"href":"http:\/\/vincentcome.com\/index.php\/wp-json\/wp\/v2\/pages\/5072\/revisions"}],"predecessor-version":[{"id":6485,"href":"http:\/\/vincentcome.com\/index.php\/wp-json\/wp\/v2\/pages\/5072\/revisions\/6485"}],"wp:featuredmedia":[{"embeddable":true,"href":"http:\/\/vincentcome.com\/index.php\/wp-json\/wp\/v2\/media\/4556"}],"wp:attachment":[{"href":"http:\/\/vincentcome.com\/index.php\/wp-json\/wp\/v2\/media?parent=5072"}],"curies":[{"name":"wp","href":"https:\/\/api.w.org\/{rel}","templated":true}]}}